 o. Suppose o = -v - 6 - 1. Let r be n(v). Let w(b) = -b + 8. Determine w(r).
14
Let q(f) = 517 + 2*f + 0*f**3 - 8*f**2 - 521 + 0*f**3 + 4*f**3 + 0*f. What is q(2)?
0
Let i(j) = j**3 + 7*j**2 - 1. Suppose -m - 43 = -42. Let x be (-12)/(-18)*3*m - -1. Let d be (2 + 0 + -1)/(x/7). Calculate i(d).
-1
Let t(n) = 5*n**3 - 10*n**2 + 3*n + 5. Let q(s) = 27*s**3 - 52*s**2 + 17*s + 24. Let u(h) = 2*q(h) - 11*t(h). Calculate u(6).
-1
Let m(l) be the first derivative of -2*l**3/3 - l**2 - 14*l - 9167. Determine m(0).
-14
Let i(c) = 2 - 4 + 8318*c - 8302*c. Give i(1).
14
Let y be 2/6 + 1/(((-105)/95)/7). Let r(t) = -15*t**2 + 3*t + 27. Let u(o) = -7*o**2 + o + 13. Let v(s) = -6*r(s) + 13*u(s). Give v(y).
1
Let p(r) = -r. Let v(m) = 2*m**3 - 29*m**2 + 14*m + 1. Let b be v(14). Let z(w) = 4*w - 1. Let o(c) = b*z(c) + 5*p(c). Calculate o(0).
-1
Let s(v) = 13*v**2 + 8*v + 2. Let b(q) = -6*q**2 - 4*q - 1. Let z(u) = 2*b(u) + s(u). What is z(-1)?
1
Let w(l) be the second derivative of l**4/24 + 5*l**3/3 - 287*l**2/2 - l - 48. Let c(r) be the first derivative of w(r). Determine c(0).
10
Let g(z) = -2*z**3 + z**2 + z. Let x(m) = -m**3 + m. Let w(j) = 12*j**3 + j**2 - 3*j + 1. Let n(y) = -w(y) - 3*x(y). Let c(r) = -4*g(r) + n(r). What is c(-4)?
-1
Let k(u) = -2*u**2 + 20*u - 12. Let l be ((-147)/28)/(-7) + 74/8. Let i be k(l). Let v(c) = -c. Calculate v(i).
12
Suppose 26*z - 15582 = -1828. Let f = 529 - z. Let t(q) = -2*q**2 + q + 1. Determine t(f).
1
Let y(b) = 2*b**3 - 11*b**2 + 13*b - 4. Let z be ((6/(-15))/1)/(7/(-70)). What is y(z)?
0
Let q(k) be the first derivative of -k**7/840 - k**5/60 - k**4/24 + 3*k**3 - 28. Let j(r) be the third derivative of q(r). Give j(2).
-13
Let h(q) = -13*q**3 + 60*q**2 - 84*q - 143. Let c(i) = 2*i**3 - 10*i**2 + 14*i + 24. Let y(v) = 19*c(v) + 3*h(v). Determine y(-11).
-6
Let c(g) = g**2 + 7 - 4*g**2 + 5*g + 2*g**2. Let v = -518 - -514. Let w(m) = 52*m + 214. Let s be w(v). Give c(s).
1
Let u(i) be the first derivative of -i**3/3 - 49*i**2/2 - 324*i + 1123. Determine u(-8).
4
Let w(u) be the first derivative of -u**2/2 + 5*u + 177. Let m(n) = n**2 + 2*n - 16. Let t(b) = -2*m(b) - 7*w(b). Determine t(3).
-12
Let x(z) = 49*z - 33. Let q be x(13). Let k(d) = -q*d**2 + 1203*d**2 + d**3 + 9*d - 1 - 588*d**2. What is k(-10)?
9
Suppose 11*v = -23 + 78. Let n(d) = -d**3 + 7*d**2 - 11*d + 5. Let t be n(v). Suppose t = -6*u - 0*u - 24. Let h(s) = -2*s - 6. Give h(u).
2
Let q(d) = -15*d**2 + 23*d + 8. Let y(b) = 13*b**2 - 22*b - 7. Suppose -i - 4*w = 13, -i - 5*w = -0*i + 18. Let j(l) = i*y(l) + 6*q(l). Give j(16).
-1
Let p(y) = -7*y + 7. Let s be p(4). Let q = -32 + s. Let c = 58 + q. Let k(h) = h**3 - 4*h**2 - 6*h + 3. What is k(c)?
-2
Let b(d) = 39*d**3 + 9*d**2 + 4*d + 4. Let c(i) = 68*i**3 + 17*i**2 + 7*i + 8. Let v(w) = 7*b(w) - 4*c(w). Let j be (-6)/4*(-20)/6. Give v(j).
-4
Let s(k) be the second derivative of -k**5/20 - 8*k**4/3 - 16*k**3/3 - 20*k**2 + 5415*k. Give s(-31).
-9
Let u(n) be the second derivative of -n**5/10 - n**4/6 + n**3/6 - n**2/2 - 727*n. Give u(2).
-23
Let r(t) = -92 + 22*t - 119 + 345 - 52. Calculate r(-4).
-6
Let g(o) = 58*o**2 + 3*o + 7. Let b(v) = -29*v**2 - v - 3. Let h = 589 - 594. Let k(l) = h*b(l) - 2*g(l). Calculate k(1).
29
Let m(r) = 2*r + 60. Let p be m(0). Suppose 17*z - p = -9. Let q(o) = -z*o - o**3 - 6 + 4*o - 5 - 10*o**2 + 2*o**3. Determine q(10).
-1
Let c(o) = -o**3 - 14*o**2 - 12*o + 11. Let j(s) = s**3 - 13*s**2 + 10*s + 30. Let r be j(12). Suppose r*n - 13*n - 91 = 0. Determine c(n).
-2
Let r(l) = -l**3 + 8*l**2 - 3. Let w = 4636 + -4628. Determine r(w).
-3
Let u(b) = 12*b**2 + 52. Let x(w) = 29*w**2 + 129. Let n(f) = -12*u(f) + 5*x(f). Suppose -4*k = -k. Determine n(k).
21
Let u(p) be the second derivative of p**4/12 + 17*p**2/2 + 3*p - 230. What is u(0)?
17
Let i(s) = 2*s**3 - 7*s**2 - 5*s + 21. Let t be i(4). Suppose -3*b - 7 = h, 4*h + 24*b - 23*b = -t. Let y(j) = j**3 + 3*j**2 - 8*j - 11. Give y(h).
5
Let i(g) = 9*g**2 - 4*g**2 + 6 + 13*g**2 + 20*g + 4*g**2 + g**3. Give i(-21).
27
Let s(w) = -7*w + 18. Let v(p) be the second derivative of 10*p**3/3 - 26*p**2 + 3*p + 3. Let n(r) = -17*s(r) - 6*v(r). Calculate n(0).
6
Let y be (2/1)/((-6)/(-12)). Let h(f) = y - 3*f - f - 2. Let t(z) = z - 2. Let i be t(4). Calculate h(i).
-6
Let n = -266 - -268. Let b(l) = 3*l**2 - 3*l - 3. Let s(k) = -6*k**2 + 7*k + 7. Let c(o) = n*s(o) + 5*b(o). Calculate c(2).
9
Suppose -8 = -24*a - 56. Let q(g) = g**3 - 9*g**2 - 12*g - 12. Let v(w) = w**3 - 9*w**2 - 11*w - 10. Let o(c) = a*q(c) + 3*v(c). Determine o(10).
4
Let f(x) = -x**3 - 7*x**2 + 13*x + 11. Suppose -3*v + 2*n - 7*n = 17, -11 = v - n. Let u be f(v). Let a(w) = -u - w - 59 + 119. Calculate a(3).
1
Let f(m) = -m**2 + 6*m + 11. Suppose 8 = -45*x + 53*x. Let l be x - (0 - (-12)/(-2)). Determine f(l).
4
Let b(w) = -15*w**3 - 22*w**2 - 35*w + 3. Let q(x) = -67*x**3 - 90*x**2 - 141*x + 13. Let o(n) = -9*b(n) + 2*q(n). Calculate o(-16).
-17
Let a(y) be the second derivative of -2/3*y**3 - 61*y + 2*y**2 + 0. Give a(-5).
24
Let f(q) = -7*q + 2. Let j(p) = 54*p - 16. Let n(a) = 8*f(a) + j(a). Calculate n(-6).
12
Suppose -5*s + 0*s - 10 = 0. Let l(j) be the first derivative of j**5/15 + j**4/8 + j**3/3 + j**2 + 42. Let b(d) be the second derivative of l(d). What is b(s)?
12
Let v(u) = -14*u + 51. Let r(d) = -62*d + 203. Let n(f) = 2*r(f) - 9*v(f). What is n(6)?
-41
Suppose -4*a + f = -131, f - 15 = -2*a + 46. Let o be -1 + 1/(a/(-34) - -1). Let t = o + -11. Let z(v) = v**3 - 6*v**2 + 4*v - 2. Give z(t).
-7
Let l(y) = 2*y**2 - 2*y - 2. Let o(z) = -z**2 - 37*z - 17. Let p be o(-34). Let r = p - 83. Give l(r).
2
Suppose 53 = 10*j + 33. Suppose -j*l = 2*k + 16, 3*k = -6*l + 11*l - 8. Let f(s) = -s - 5. What is f(k)?
1
Let b = 18127 + -18099. Let r(q) = -8*q + 225. Calculate r(b).
1
Let x = 471 - 474. Let f(v) be the second derivative of -1/12*v**4 - 1/3*v**3 + 0*v**2 + 0 + 2*v. What is f(x)?
-3
Let z(r) = -6*r + 4*r + 7 + r**2 + 17*r - 6*r. Suppose -27 = -2*s - 111. Let q = -48 - s. Determine z(q).
-11
Let y(a) = -57 + 31 + 0 + 3*a - 47. Give y(16).
-25
Let i(j) = 117*j - 1039. Let b be i(9). Let d(v) = -v**3 + 17*v**2 - 42*v + 3. Calculate d(b).
3
Suppose 12 = 12*d - 10*d. Let t(h) = -h - 5. Let m(u) = -u - 5. Let s(z) = d*m(z) - 5*t(z). Suppose -2*v - 4 = 0, -6 = 2*a + 3*v + 12. Calculate s(a).
1
Let j = -16950 + 16950. Let r(v) = 0*v - 4 - v - 2. Give r(j).
-6
Suppose 12*o = 181 - 49. Suppose 5*c - 59 = o. Let l(f) = c - 7 - 1 - f - 5. Calculate l(4).
-3
Let n(y) = 5*y**2 + y - 3. Let f(o) = -4*o**2 - o + 2. Let s(j) = 3*f(j) + 2*n(j). Let l be 1/(14/(-16) - 5/40). Let v = 0 - l. Determine s(v).
-3
Suppose 4*k - 12 = -2*n, -11*k + 6*k = 5*n - 25. Suppose r - 4*u + k = -3, 2*r = 3*u - 3. Let b(x) = x + 1. Determine b(r).
1
Let k(z) be the first derivative of z**3/3 + z**2/2 + 16*z - 2. Let i be 3*6/(-54)*-21. Suppose 0 = 3*q - 5*u + i*u, 0 = -2*q - 5*u. Calculate k(q).
16
Let d = -268 - -282. Suppose d*l - 85 = 13. Let y(o) = 3*o**2 + 16*o - 2. Let n(x) = -2*x**2 - 8*x + 1. Let h(t) = -5*n(t) - 3*y(t). Determine h(l).
-6
Let i(k) be the first derivative of -k**3/3 + 3*k**2/2 - k + 782. Let j(c) = c**3 - 7*c**2 + 2*c - 9. Let s be j(7). What is i(s)?
-11
Let b be (-359)/(-7) - (-10)/(-35). Let a(l) = -b*l - 5 + 58*l + 5*l**3 - 6*l**3 + 5*l**2. Let p = 58 + -52. Calculate a(p).
1
Let n(v) = -8*v - 128. Let y(c) = 32*c + 505. Let k(s) = 13*n(s) + 3*y(s). Give k(-18).
-5
Let t be (5*48/135 - 4) + (-4)/(-18). Let o(k) = -47*k + 2. Determine o(t).
96
Let n(b) be the second derivative of b**6/120 + b**5/20 - b**4/6 + b**3/3 - 108*b**2 + 49*b. Let c(u) be the first derivative of n(u). Calculate c(2).
14
Suppose -6*z + 3*z = 144. Let k = z - -56. Let v be (-2 + (k - 0))*2/12. Let h(x) = -5*x + 1. Give h(v).
-4
Suppose 18 - 4 = 2*s. Suppose 4*t - 29 = -17. Let u(p) = 151*p - s*p**2 - 156*p + 2*p**3 - 3*p**t + 2. What is u(-6)?
-4
Let g(o) = o**2 - 2*o - 1. Let s(v) = -16*v**2 - 6*v + 3*v**2 + 15*v**2 - 5 + 3. Let w(r) = g(r) - s(r). What is w(4)?
1
Suppose 17*c + 32*c = 0. Let l(q) = -3*q + 68. Determine l(c).
68
Let d(b) = -b**2 - 2*b + 1. Let z(t) = t**2 + 2. Let k(a) = -d(a) - 2*z(a). Let w = 38 + -34. What is k(w)?
-13
Suppose 4*t + 656 = 744. Let m(d) = 7*d - 151